{"id":389,"date":"2024-09-16T11:32:54","date_gmt":"2024-09-16T11:32:54","guid":{"rendered":"https:\/\/euspri2025.de\/?page_id=389"},"modified":"2024-09-16T11:57:05","modified_gmt":"2024-09-16T11:57:05","slug":"imprint","status":"publish","type":"page","link":"https:\/\/euspri2025.de\/index.php\/imprint\/","title":{"rendered":"Imprint"},"content":{"rendered":"\n<div style=\"height:20px\" aria-hidden=\"true\" class=\"wp-block-spacer\"><\/div>\n\n\n\n<p>TU Dortmund University &#8211; Social Research Center Dortmund<br>August-Schmidt-Stra\u00dfe 4<br>44227 Dortmund<\/p>\n\n\n\n<div style=\"height:20px\" aria-hidden=\"true\" class=\"wp-block-spacer\"><\/div>\n\n\n\n<p>TU Dortmund University, in accordance with&nbsp;section 2 (1) sentence 1 in conjunction with section 1 (2) sentence 1 no. 5 of the Higher Education Act of the State of North Rhine-Westphalia (<em>HG NRW<\/em>), is a corporation &nbsp;under public law with legal capacity. It is supported by the State of North Rhine-Westphalia and represented by the President, Prof. Dr. Manfred Bayer.<\/p>\n\n\n\n<div style=\"height:20px\" aria-hidden=\"true\" class=\"wp-block-spacer\"><\/div>\n\n\n\n<p>TU Dort\u00admund University carries out its tasks pursuant to section 76 (1) sentence 1 HG NRW under the legal supervision of the Ministry of Culture and Science of North Rhine-Westphalia, V\u00f6lklinger Stra\u00dfe 49, 40221 D\u00fcsseldorf, Germany.<\/p>\n\n\n\n<div style=\"height:20px\" aria-hidden=\"true\" class=\"wp-block-spacer\"><\/div>\n\n\n\n<h4 class=\"wp-block-heading\">Value Added Tax Identification Number &nbsp;(VAT ID)<\/h4>\n\n\n\n<p>Value Added Tax Identification Number pursuant to section 27a of the German Value Added Tax Act (<em>UStG<\/em>): DE 811 258 273<\/p>\n\n\n\n<div style=\"height:20px\" aria-hidden=\"true\" class=\"wp-block-spacer\"><\/div>\n\n\n\n<p>Responsibility for content pursuant to section 18 (2) State Media Treaty (<em>Medienstaatsvertrag<\/em>, MStV):<\/p>\n\n\n\n<p>Prof. Dr. J\u00fcrgen Howaldt<br>Social Research Centre (Department of Social Sciences)<br>Evinger Platz 17<br>44339 Dort\u00admund<br>Germany<\/p>\n\n\n\n<div style=\"height:20px\" aria-hidden=\"true\" class=\"wp-block-spacer\"><\/div>\n","protected":false},"excerpt":{"rendered":"<p>TU Dortmund University &#8211; Social Research Center DortmundAugust-Schmidt-Stra\u00dfe 444227 Dortmund TU Dortmund University, in accordance with&nbsp;section 2 (1) sentence 1 in conjunction with section 1 (2) sentence 1 no. 5 of the Higher Education Act of the State of North Rhine-Westphalia (HG NRW), is a corporation &nbsp;under public law with legal capacity. It is supported [&hellip;]<\/p>\n","protected":false},"author":2,"featured_media":0,"parent":0,"menu_order":0,"comment_status":"closed","ping_status":"closed","template":"","meta":{"_coblocks_attr":"","_coblocks_dimensions":"","_coblocks_responsive_height":"","_coblocks_accordion_ie_support":"","footnotes":""},"class_list":["post-389","page","type-page","status-publish","hentry"],"_links":{"self":[{"href":"https:\/\/euspri2025.de\/index.php\/wp-json\/wp\/v2\/pages\/389","targetHints":{"allow":["GET"]}}],"collection":[{"href":"https:\/\/euspri2025.de\/index.php\/wp-json\/wp\/v2\/pages"}],"about":[{"href":"https:\/\/euspri2025.de\/index.php\/wp-json\/wp\/v2\/types\/page"}],"author":[{"embeddable":true,"href":"https:\/\/euspri2025.de\/index.php\/wp-json\/wp\/v2\/users\/2"}],"replies":[{"embeddable":true,"href":"https:\/\/euspri2025.de\/index.php\/wp-json\/wp\/v2\/comments?post=389"}],"version-history":[{"count":2,"href":"https:\/\/euspri2025.de\/index.php\/wp-json\/wp\/v2\/pages\/389\/revisions"}],"predecessor-version":[{"id":403,"href":"https:\/\/euspri2025.de\/index.php\/wp-json\/wp\/v2\/pages\/389\/revisions\/403"}],"wp:attachment":[{"href":"https:\/\/euspri2025.de\/index.php\/wp-json\/wp\/v2\/media?parent=389"}],"curies":[{"name":"wp","href":"https:\/\/api.w.org\/{rel}","templated":true}]}}